 of a?
5, 17
Suppose 0 = -13*z + 4*z + 1917. What are the prime factors of z?
3, 71
Let b be 10 - (0 - -2)*-1. Let j be 18/8 + (-3)/b. Suppose 4*s - 14 = j*s. List the prime factors of s.
7
Suppose -5*i + 1296 = 11*i. What are the prime factors of i?
3
Suppose -11 = -g + 4*i + 3, 5*i + 4 = -g. Suppose g*u - 2*u = 64. What are the prime factors of 1/(-2 + 34/u)?
2
Let h(w) = -w - 1. Let y be h(-10). Suppose 1 = -u + y. List the prime factors of u.
2
Let h(v) = -28*v - 41. What are the prime factors of h(-4)?
71
Let n(s) = s**3 + 3*s**2 - 6*s - 6. Let x be n(-4). Let u be (8 + 0)*x/4. Let i = u + -1. List the prime factors of i.
3
Suppose -3*l - i + 70 = 0, 0*l - 50 = -3*l + 4*i. List the prime factors of l.
2, 11
Let f(q) = 23*q - 72. What are the prime factors of f(19)?
5, 73
Suppose -3*l = -0*l - 21. Suppose -2*m + l = -m. List the prime factors of m.
7
Let y(m) = 2*m**2 + m - 2. Let f be y(-2). Suppose -f*i - 4*z = -12, z = -2*z. Suppose -i*s = -2 - 25. What are the prime factors of s?
3
Suppose 15*f - 121 = 14*f. List the prime factors of f.
11
Suppose 1 = v - 3. Let d(z) = -2*z**2 - z**3 - v*z**2 - 8*z - z**2. List the prime factors of d(-6).
2, 3
Let i be (-19)/(-4) - 3/(-12). Suppose -i*n = -68 - 37. What are the prime factors of n?
3, 7
Let s(x) = x**3 + 5*x**2 - 11*x - 5. List the prime factors of s(6).
5, 13
Suppose -24*y = -23*y - 138. What are the prime factors of y?
2, 3, 23
Let i(h) = 2*h**2 + 12*h + 2. What are the prime factors of i(-8)?
2, 17
Let o = 6 - 6. Suppose 0 = z - o*z - 28. Suppose 3*j - 11 = z. What are the prime factors of j?
13
Suppose -64 = -4*u - c, 5*u - 103 = 2*c - 10. Suppose 3*f - u = 7. List the prime factors of f.
2
Suppose 8*h - 42 = 5*h. What are the prime factors of h?
2, 7
Let p(i) = -2*i**3 - 3*i**2 + i + 6. What are the prime factors of p(-3)?
2, 3, 5
Let j(w) = -w**2 - 2*w + 52. What are the prime factors of j(0)?
2, 13
Let o = -49 + 75. What are the prime factors of o?
2, 13
Let a(w) = -1. Let i(c) = -c**3 - 3*c**2 + 7*c. Let b be (-2)/(-6) - 2/(-3). Let z(v) = b*i(v) - a(v). List the prime factors of z(-5).
2
Suppose -6*u = -u - 80. List the prime factors of 183/4 - 12/u.
3, 5
Let i = 62 + 90. List the prime factors of i.
2, 19
Suppose -4 = d + 2. What are the prime factors of 1/2*d + 7?
2
Suppose -5*x = 0, -3*i + 3*x + 19 - 7 = 0. Let p = -2 + i. Suppose -p*j = 5*v - 5*j - 86, 4*j = -2*v + 24. What are the prime factors of v?
2
Suppose -3*n = 2*n - 240. What are the prime factors of n?
2, 3
Let d(n) = 5*n**2 + 3*n - 6. Let h be d(3). Let x = h + -19. What are the prime factors of x?
29
Let g be (1/((-3)/9))/(-1). Suppose -3 = g*z - 51. What are the prime factors of z?
2
Let n = 39 + -90. Let l = 74 + n. What are the prime factors of l?
23
Let g(v) = -3*v**3 - 19*v**2 + 24*v - 2. Let u(l) = l**3 + 6*l**2 - 8*l + 1. Let p(y) = -2*g(y) - 7*u(y). What are the prime factors of p(-6)?
3, 7
Let f(i) = -244*i + 8. What are the prime factors of f(-1)?
2, 3, 7
Let f(l) = -l**2 - 8*l - 5. Let n be f(-5). List the prime factors of n - 0*3/9.
2, 5
Suppose 8*r - 6*r - 152 = 0. What are the prime factors of r?
2, 19
Let w be 70/(-40) - 2/8. List the prime factors of w/(-6) + (-715)/(-33).
2, 11
Let z(f) = -f**2 + 11*f - 10. Suppose -4*q + 0*q - 195 = -5*y, 3*q = 2*y - 78. Let t be (-3)/(-15) - y/(-5). What are the prime factors of z(t)?
2, 7
Suppose 3*m + 114 = 5*j, 15 = -2*j - 2*m + 67. Let x = j + -15. What are the prime factors of x?
3
What are the prime factors of 2 - ((-133 - -5) + 5)?
5
Let s = 8 + -5. Suppose -s*v + 29 = 11. Suppose -5*o = v - 66. List the prime factors of o.
2, 3
Let q be 1 - (3*-1)/(-3). Suppose -4 = -2*b, 2*r + q*r - b - 18 = 0. What are the prime factors of 4/r - (-53)/5?
11
List the prime factors of (-1 + 3)/((-16)/(-1352)).
13
Let u(h) = 3*h + 2. Let t(x) = 30*x + 21. Let k(s) = -4*t(s) + 42*u(s). What are the prime factors of k(2)?
2, 3
Suppose -2*o - 13 = i, 3*i - 5*o = -0*i - 6. Let x(u) = u**2 + 3*u + 9. What are the prime factors of x(i)?
37
Let p(b) = 5*b**2 - 9*b + 11. What are the prime factors of p(6)?
137
Suppose -j = j - 60. What are the prime factors of j?
2, 3, 5
Let q(t) = -16*t - 19. What are the prime factors of q(-8)?
109
Let g = 60 - -31. What are the prime factors of g?
7, 13
Suppose 6*p + 0*p - 534 = 0. List the prime factors of p.
89
Let o(x) = -x**3 - x**2 + 3*x - 2. Let c(z) = z**2 - z. Let u(b) = -2*c(b) + o(b). Let i be u(-5). Let r = i + -14. List the prime factors of r.
3
Let x = 1 - 0. Let k be 4 - (-1 + x) - -1. Suppose 4*b - 2*m + 4*m = 24, b - 6 = k*m. What are the prime factors of b?
2, 3
Suppose 2*o + x + 15 = 6*o, 2*x = -2*o. List the prime factors of o.
3
Let l = 18 + 7. List the prime factors of l.
5
Let g = 23 + -24. What are the prime factors of ((-2)/(-2) + -4)/g?
3
Suppose -378 = -3*t + o + o, 3*t + 3*o - 363 = 0. What are the prime factors of t?
2, 31
Let y = -39 - -63. Suppose 3*k - y = 84. What are the prime factors of k?
2, 3
Let i(p) = -10*p - 2. Suppose 3*c + 10 - 1 = 0. What are the prime factors of i(c)?
2, 7
Let s = -22 - -29. Suppose 3*c = 4*q + 112, -2*c = -s*q + 2*q - 70. What are the prime factors of c?
2, 5
Let i(q) = 2*q**2 + 9*q + 16. Let j be i(-13). Suppose 3*h + u - j = -67, -5*h + 310 = -5*u. Let z = h - 35. List the prime factors of z.
23
Suppose 15 = 3*d - 0. Suppose d*r = -0*r + 85. What are the prime factors of r?
17
Let p(j) be the third derivative of -j**4/6 - j**3/6 - j**2. Suppose 4*y + 4 - 2 = -2*d, -y + 5*d = 28. What are the prime factors of p(y)?
11
Let v = -2 + 5. Suppose -4*h = 0, 5*t - v*h + 60 = -5*h. Let z = 23 + t. List the prime factors of z.
11
Let a = -41 + 76. List the prime factors of a.
5, 7
Let p(c) = 2*c + 7. List the prime factors of p(4).
3, 5
Let y = -105 + 166. What are the prime factors of y?
61
Let d(x) = x**3 + x**2 + x - 144. Let m be d(0). Let y = 20 + -34. What are the prime factors of m/y + 10/(-35)?
2, 5
Let z(h) = -h**3 + h**2 + 6*h. Let s be z(3). List the prime factors of -9 + 23 + -1 + s.
13
Let a be (-4)/10*(-155 + 0). Suppose -4*n = j - a, -n + 0*j + 5 = -5*j. List the prime factors of n.
3, 5
Suppose 4*s - 7 - 1 = 0. Suppose 2*a - s = -2*p, -13 = -5*a - p + 4*p. Suppose -7*o + a*o = -15. What are the prime factors of o?
3
Let t(d) = -d**3 + 4*d**2 + 5*d + 5. Let y = 0 + -2. Let k be (2/y)/(2/(-10)). List the prime factors of t(k).
5
Let p be 428/18 - 10/(-45). Let v = p + -12. Suppose -l - 2 = d - 1, 2*l + 4*d + v = 0. List the prime factors of l.
2
Let h = 8 - -36. What are the prime factors of h?
2, 11
List the prime factors of 16/3 + 18/27.
2, 3
Suppose 5*u + 61 = -109. List the prime factors of u/(-2) - (-1 + -1).
19
Let a = 1 + -1. Suppose a*h = h - 54. What are the prime factors of (4/(-6))/((-2)/h)?
2, 3
Let d be 2 + -2 - (-1 + 1). Let s(g) = 2*g - 3. Let u be s(3). Suppose d = u*h - v - 4 - 8, -v = 0. What are the prime factors of h?
2
Let a(b) be the third derivative of -b**5/60 + b**4/24 + 13*b**3/6 + 2*b**2. What are the prime factors of a(0)?
13
Let d be (8 - 3 - 5)/(-1). Let t be ((-4)/10)/(1/(-10)). Suppose d = -s + t + 3. What are the prime factors of s?
7
Suppose -2 = 2*s - 18. List the prime factors of s.
2
Let i(m) = -m**3 - 6*m**2 + 5*m - 12. Let v(c) = 5*c**3 + 29*c**2 - 24*c + 61. Let g(w) = 11*i(w) + 2*v(w). List the prime factors of g(-9).
2
Let x(a) = a**3 - 3*a**2 - 1. List the prime factors of x(4).
3, 5
List the prime factors of 6/(3 - (-42)/(-15)).
2, 3, 5
Suppose 21 + 663 = 9*q. List the prime factors of q.
2, 19
Suppose -61 = -5*x + c + 86, 39 = x - 5*c. Suppose 5*f - 4 = -x. Let w(g) = g**3 + 4*g**2 - 6*g + 6. List the prime factors of w(f).
11
Let r be (-15)/(-4) + 1/4. Suppose 0 = -2*l + 4*f + 32, -r*l = -l + f - 48. List the prime factors of l.
2
Suppose -170 = p - 6*p. What are the prime factors of p?
2, 17
Let u(v) = v + 1. Let t be u(4). Suppose t - 2 = q. What are the prime factors of q*1/6*14?
7
Let d be -3 + -15 + -2 + -1. Let j = -13 - d. Suppose -5*f + 85 = -5*u, 4*u - j*u + 37 = 3*f. What are the prime factors of f?
3, 5
Let l(k) = -k**3 + 6*k**2 + k - 3. Let b be l(6). Suppose 0 = -3*s - h - 20, b*s + s - 3*h = -18. Let a(v) = -v**2 - 7*v. List the prime factors of a(s).
2, 3
Suppose -q + 96 = o, -6*o + 2*o = 3*q - 385. What are the